{"id":1260,"date":"2023-07-18T10:01:33","date_gmt":"2023-07-18T13:01:33","guid":{"rendered":"http:\/\/zeronoveestudio.com\/?page_id=1260"},"modified":"2026-01-08T08:31:58","modified_gmt":"2026-01-08T11:31:58","slug":"estudio-cozinha-3","status":"publish","type":"page","link":"https:\/\/zeronoveestudio.com\/index.php\/estudio-cozinha-3\/","title":{"rendered":"Est\u00fadio Cozinha"},"content":{"rendered":"<!--themify_builder_content-->\n<div id=\"themify_builder_content-1260\" data-postid=\"1260\" class=\"themify_builder_content themify_builder_content-1260 themify_builder tf_clear\">\n    \t<!-- module_row -->\n\t<div  data-lazy=\"1\" class=\"module_row themify_builder_row fullcover tb_vmc5003 tb_first tf_clearfix\" >\n\t    <div class=\"tf_abs builder_row_cover\"><\/div>\t\t<div class=\"row_inner col_align_middle gutter-none col-count-1 tf_box tf_w tf_rel\">\n\t\t\t<div  data-lazy=\"1\" class=\"module_column tb-column col-full first tb_4oa7102 tf_box\">\n\t\t\t    \t        <div class=\"tb-column-inner tf_box tf_w\">\n\t\t    <!-- module text -->\n<div  class=\"module module-text tb_138o770   \" data-lazy=\"1\">\n        <div  class=\"tb_text_wrap\">\n    <h1>Est\u00fadio Cozinha<\/h1>    <\/div>\n<\/div>\n<!-- \/module text -->\t        <\/div>\n\t    \t<\/div>\n\t\t    <\/div>\n\t    <!-- \/row_inner -->\n\t<\/div>\n\t<!-- \/module_row -->\n\t\t<!-- module_row -->\n\t<div  data-lazy=\"1\" class=\"module_row themify_builder_row tb_ds56000 tf_clearfix\" >\n\t    \t\t<div class=\"row_inner col_align_top col-count-1 tf_box tf_w tf_rel\">\n\t\t\t<div  data-lazy=\"1\" class=\"module_column tb-column col-full first tb_lxca999 tf_box\">\n\t\t\t    \t        <div class=\"tb-column-inner tf_box tf_w\">\n\t\t    <!-- module text -->\n<div  class=\"module module-text tb_uhrl330   \" data-lazy=\"1\">\n        <div  class=\"tb_text_wrap\">\n    <p>Alugar Est\u00fadio Cozinha em Belo Horizonte: O Lugar Ideal para Explorar sua Criatividade Culin\u00e1ria.<\/p>\n<p>Se voc\u00ea est\u00e1 em busca de um espa\u00e7o profissional dedicado \u00e0 produ\u00e7\u00e3o de conte\u00fado gastron\u00f4mico, voc\u00ea veio ao lugar certo. O Est\u00fadio Cozinha \u00e9 o ambiente perfeito para voc\u00ea colocar suas habilidades culin\u00e1rias em pr\u00e1tica e criar conte\u00fado de qualidade. Com nossa estrutura de primeira linha.<\/p>\n<p>Explorando sua Criatividade na Cozinha<\/p>\n<p>No Est\u00fadio Cozinha, acreditamos que a culin\u00e1ria \u00e9 uma forma de arte. \u00c9 por isso que oferecemos um espa\u00e7o inspirador onde voc\u00ea pode dar asas \u00e0 sua criatividade culin\u00e1ria. Seja para produzir v\u00eddeos de receitas, compartilhar dicas gastron\u00f4micas em um podcast ou transmitir ao vivo suas habilidades na cozinha, nosso est\u00fadio oferece a infraestrutura necess\u00e1ria para voc\u00ea brilhar.<\/p>\n<p>Equipamentos Modernos e Profissionais<\/p>\n<p>Contamos com equipamentos modernos e de alta qualidade para garantir que voc\u00ea obtenha os melhores resultados em suas produ\u00e7\u00f5es. Desde c\u00e2meras de alta defini\u00e7\u00e3o at\u00e9 ilumina\u00e7\u00e3o especializada, temos tudo o que voc\u00ea precisa para criar imagens e v\u00eddeos incr\u00edveis. Al\u00e9m disso, nossa cozinha est\u00e1 totalmente equipada com utens\u00edlios de qualidade, proporcionando um ambiente funcional e eficiente para suas grava\u00e7\u00f5es.<\/p>\n<p>Agende uma Visita ao Est\u00fadio Cozinha<\/p>\n<p>Convidamos voc\u00ea a agendar uma visita ao Est\u00fadio Cozinha e vivenciar nossa estrutura de qualidade. Nossa equipe ter\u00e1 prazer em mostrar as instala\u00e7\u00f5es, discutir suas necessidades espec\u00edficas e ajud\u00e1-lo a encontrar a melhor solu\u00e7\u00e3o para seus projetos culin\u00e1rios. Estamos comprometidos em fornecer um servi\u00e7o excepcional e criar um ambiente prop\u00edcio para que voc\u00ea possa brilhar na cozinha.<\/p>\n<p>N\u00e3o espere mais para compartilhar suas receitas, dicas e paix\u00e3o pela culin\u00e1ria com o mundo. Entre em contato conosco agora mesmo e descubra como o Est\u00fadio Cozinha pode impulsionar sua jornada gastron\u00f4mica!<\/p>    <\/div>\n<\/div>\n<!-- \/module text -->\t        <\/div>\n\t    \t<\/div>\n\t\t    <\/div>\n\t    <!-- \/row_inner -->\n\t<\/div>\n\t<!-- \/module_row -->\n\t\t<!-- module_row -->\n\t<div  data-lazy=\"1\" class=\"module_row themify_builder_row tb_emar092 tf_clearfix\" >\n\t    \t\t<div class=\"row_inner col_align_top col-count-1 tf_box tf_w tf_rel\">\n\t\t\t<div  data-lazy=\"1\" class=\"module_column tb-column col-full first tb_4ydw900 tf_box\">\n\t\t\t    \t        <div class=\"tb-column-inner tf_box tf_w\">\n\t\t    \t<div  data-lazy=\"1\" class=\"module_subrow themify_builder_sub_row tb_ilai007 tf_w tf_clearfix\">\n\t    \t\t<div class=\"subrow_inner col_align_top gutter-narrow col-count-2 tf_box tf_w\">\n\t\t\t<div  data-lazy=\"1\" class=\"sub_column module_column tf_box col4-2 first tb_72m8590\"> \n\t    \t    \t        <div class=\"tb-column-inner tf_box tf_w\">\n\t\t    <!-- module image -->\n<div  class=\"module module-image tb_ikip090   image-overlay tf_mw\" data-lazy=\"1\">\n        <div class=\"image-wrap tf_rel tf_mw\">\n\t\t    <img fetchpriority=\"high\" decoding=\"async\" src=\"http:\/\/zeronoveestudio.com\/wp-content\/uploads\/2023\/07\/estudio-cozinha-scaled.jpg\" width=\"600\" height=\"1441\" title=\"Est\u00fadio Cozinha\" alt=\"Est\u00fadio Cozinha\">\t\n\t\n    \t\t\t<\/div>\n\t\t<!-- \/image-wrap -->\n\t<\/div>\n<!-- \/module image -->\t        <\/div>\n\t    \t<\/div>\n\t\t<div  data-lazy=\"1\" class=\"sub_column module_column tf_box col4-2 last tb_5tfg080\"> \n\t    \t    \t        <div class=\"tb-column-inner tf_box tf_w\">\n\t\t    <!-- module image -->\n<div  class=\"module module-image tb_agkk700   image-overlay tf_mw\" data-lazy=\"1\">\n        <div class=\"image-wrap tf_rel tf_mw\">\n\t\t    <img decoding=\"async\" src=\"http:\/\/zeronoveestudio.com\/wp-content\/uploads\/2023\/07\/estudio-cozinha-2-scaled.jpg\" width=\"600\" height=\"1380\" title=\"Est\u00fadio Cozinha\" alt=\"Est\u00fadio Cozinha\">\t\n\t\n    \t\t\t<\/div>\n\t\t<!-- \/image-wrap -->\n\t<\/div>\n<!-- \/module image -->\t        <\/div>\n\t    \t<\/div>\n\t\t    <\/div>\n\t<\/div><!-- \/themify_builder_sub_row -->\n\t\t<div  data-lazy=\"1\" class=\"module_subrow themify_builder_sub_row tb_4nvt923 tf_w tf_clearfix\">\n\t    \t\t<div class=\"subrow_inner col_align_top gutter-narrow col-count-2 tf_box tf_w\">\n\t\t\t<div  data-lazy=\"1\" class=\"sub_column module_column tf_box col4-2 first tb_4e9c924\"> \n\t    \t    \t        <div class=\"tb-column-inner tf_box tf_w\">\n\t\t    <!-- module image -->\n<div  class=\"module module-image tb_vn7d924   image-overlay tf_mw\" data-lazy=\"1\">\n        <div class=\"image-wrap tf_rel tf_mw\">\n\t\t    <img decoding=\"async\" src=\"http:\/\/zeronoveestudio.com\/wp-content\/uploads\/2023\/07\/DSC08382-scaled.jpg\" width=\"600\" height=\"1268\" title=\"Est\u00fadio Cozinha\" alt=\"Est\u00fadio Cozinha\">\t\n\t\n    \t\t\t<\/div>\n\t\t<!-- \/image-wrap -->\n\t<\/div>\n<!-- \/module image --><!-- module image -->\n<div  class=\"module module-image tb_gecx814   image-top tf_mw\" data-lazy=\"1\">\n        <div class=\"image-wrap tf_rel tf_mw\">\n\t\t    <img loading=\"lazy\" decoding=\"async\" src=\"http:\/\/zeronoveestudio.com\/wp-content\/uploads\/2023\/07\/DSC08426-scaled.jpg\" width=\"2560\" height=\"1440\" title=\"Est\u00fadio Cozinha\" alt=\"Est\u00fadio Cozinha\">\t\n\t\t<\/div>\n\t<!-- \/image-wrap -->\n    \n    \t<\/div>\n<!-- \/module image -->\t        <\/div>\n\t    \t<\/div>\n\t\t<div  data-lazy=\"1\" class=\"sub_column module_column tf_box col4-2 last tb_pmpt924\"> \n\t    \t    \t        <div class=\"tb-column-inner tf_box tf_w\">\n\t\t    <!-- module image -->\n<div  class=\"module module-image tb_23l1924   image-overlay tf_mw\" data-lazy=\"1\">\n        <div class=\"image-wrap tf_rel tf_mw\">\n\t\t    <img loading=\"lazy\" decoding=\"async\" src=\"http:\/\/zeronoveestudio.com\/wp-content\/uploads\/2023\/07\/DSC08278-scaled.jpg\" width=\"600\" height=\"2560\" title=\"Est\u00fadio Cozinha\" alt=\"Est\u00fadio Cozinha\">\t\n\t\n    \t\t\t<\/div>\n\t\t<!-- \/image-wrap -->\n\t<\/div>\n<!-- \/module image -->\t        <\/div>\n\t    \t<\/div>\n\t\t    <\/div>\n\t<\/div><!-- \/themify_builder_sub_row -->\n\t\t        <\/div>\n\t    \t<\/div>\n\t\t    <\/div>\n\t    <!-- \/row_inner -->\n\t<\/div>\n\t<!-- \/module_row -->\n\t\t<!-- module_row -->\n\t<div  data-anchor=\"contato\" data-lazy=\"1\" class=\"module_row themify_builder_row tb_has_section tb_section-contato tb_uvmw241 tf_clearfix hide-tablet hide-mobile\" >\n\t    \t\t<div class=\"row_inner col_align_middle gutter-none col-count-2 tf_box tf_w tf_rel\">\n\t\t\t<div  data-lazy=\"1\" style=\"width: 56.12%\" class=\"module_column tb-column col2-1 first tb_e567241 tf_box\">\n\t\t\t    \t        <div class=\"tb-column-inner tf_box tf_w\">\n\t\t    <!-- module text -->\n<div  class=\"module module-text tb_m8sm242   \" data-lazy=\"1\">\n        <div  class=\"tb_text_wrap\">\n    <h3>Agende um hor\u00e1rio conosco,<\/h3>\n<h3>entre em contato agora mesmo.<\/h3>    <\/div>\n<\/div>\n<!-- \/module text -->\t        <\/div>\n\t    \t<\/div>\n\t\t<div  data-lazy=\"1\" style=\"width: 43.88%\" class=\"module_column tb-column col2-1 last tb_mx0i242 tf_box\">\n\t\t\t    \t        <div class=\"tb-column-inner tf_box tf_w\">\n\t\t    <!-- module text -->\n<div  class=\"module module-text tb_s2bm242   \" data-lazy=\"1\">\n        <div  class=\"tb_text_wrap\">\n    <p>contato@zeronoveestudio.com<\/p>    <\/div>\n<\/div>\n<!-- \/module text --><!-- module divider -->\n<div  class=\"module tf_mw module-divider tb_xn8b242 solid   \" style=\"border-width: 1px;border-color: #ffffff;\" data-lazy=\"1\">\n    <\/div>\n<!-- \/module divider -->\n<!-- module buttons -->\n<div  class=\"module module-buttons tb_dor6242 buttons-horizontal outline \" data-lazy=\"1\">\n    \t<div class=\"module-buttons-item tf_inline_b\">\n\t\t\t\t\t\t\t<a href=\"https:\/\/wa.me\/5531999090975?text=Ol%C3%A1!%20%20Estava%20navegando%20no%20site%20e%20gostaria%20de%20informa%C3%A7%C3%B5es%20sobre%20os%20servi%C3%A7os%20da%20Zero%20Nove%20Est%C3%BAdio\" class=\"ui builder_button green\" >\n\t\t\t\t\t\t\t\t\t\t\t\t<em class=\"tf_inline_b tf_vmiddle\"><svg  aria-hidden=\"true\" class=\"tf_fa tf-fab-whatsapp\"><use href=\"#tf-fab-whatsapp\"><\/use><\/svg><\/em>\t\t\t\t\t\t\t\t<span class=\"tf_inline_b tf_vmiddle\">Nos chame no WhatsApp<\/span>\n\t\t\t\t\t\t\t\t\t\t\t<\/a>\n\t\t\t    \t<\/div>\n\t<\/div>\n<!-- \/module buttons -->\n<!-- module divider -->\n<div  class=\"module tf_mw module-divider tb_m6vg242 solid   \" style=\"border-width: 1px;border-color: #ffffff;\" data-lazy=\"1\">\n    <\/div>\n<!-- \/module divider -->\n<!-- module text -->\n<div  class=\"module module-text tb_5o0h242   \" data-lazy=\"1\">\n        <div  class=\"tb_text_wrap\">\n    <p><br>Entre em contato pelo e-mail ou WhatsApp e tire suas d\u00favidas, responderemos o mais r\u00e1pido poss\u00edvel.<\/p>    <\/div>\n<\/div>\n<!-- \/module text -->\t        <\/div>\n\t    \t<\/div>\n\t\t    <\/div>\n\t    <!-- \/row_inner -->\n\t<\/div>\n\t<!-- \/module_row -->\n\t\t<!-- module_row -->\n\t<div  data-lazy=\"1\" class=\"module_row themify_builder_row builder-parallax-scrolling tb_ljnt100 tf_clearfix hide-desktop hide-tablet hide-tablet_landscape hide-mobile\" >\n\t    <div class=\"tf_abs builder_row_cover\"><\/div>\t\t<div class=\"row_inner col_align_top col-count-1 tf_box tf_w tf_rel\">\n\t\t\t<div  data-lazy=\"1\" class=\"module_column tb-column col-full first tb_jkgx002 tf_box\">\n\t\t\t    \t        <div class=\"tb-column-inner tf_box tf_w\">\n\t\t    <!-- module text -->\n<div  class=\"module module-text tb_9iiw271   \" data-lazy=\"1\">\n        <div  class=\"tb_text_wrap\">\n    <h1>We are solid team<\/h1><p>Temporibus autem quibusdam et aut officiis debitis aut rerum necessitatibus saepe eveniet ut et voluptates repudiandae sint et molestiae non recusandae. Itaque earum rerum hic tenetur a delectus, ut aut reiciendis voluptatibus alias aut doloribus asperiores repellat.<\/p>    <\/div>\n<\/div>\n<!-- \/module text -->\t        <\/div>\n\t    \t<\/div>\n\t\t    <\/div>\n\t    <!-- \/row_inner -->\n\t<\/div>\n\t<!-- \/module_row -->\n\t\t<!-- module_row -->\n\t<div  data-lazy=\"1\" class=\"module_row themify_builder_row tb_bas0210 tf_clearfix hide-desktop hide-tablet hide-tablet_landscape hide-mobile\" >\n\t    \t\t<div class=\"row_inner col_align_top col-count-1 tf_box tf_w tf_rel\">\n\t\t\t<div  data-lazy=\"1\" class=\"module_column tb-column col-full first tb_gg5h200 tf_box\">\n\t\t\t    \t        <div class=\"tb-column-inner tf_box tf_w\">\n\t\t    <!-- module text -->\n<div  class=\"module module-text tb_wm91702   \" data-lazy=\"1\">\n        <div  class=\"tb_text_wrap\">\n    <h1>Visit Our HQ<\/h1><p>Molestias excepturi sint occaecati cupiditate non provident, similique sunt in culpa qui officia deserunt mollitia animi, id est laborum et dolorum fuga. Et harum quidem rerum facilis est et expedita distinctio. Nam libero tempore, cum soluta nobis est eligendi optio cumque nihil impedit quo minus id quod maxime placeat facere possimus, omnis voluptas assumenda est, omnis dolor repellendus.<\/p>    <\/div>\n<\/div>\n<!-- \/module text -->\t        <\/div>\n\t    \t<\/div>\n\t\t    <\/div>\n\t    <!-- \/row_inner -->\n\t<\/div>\n\t<!-- \/module_row -->\n\t\t<!-- module_row -->\n\t<div  data-lazy=\"1\" class=\"module_row themify_builder_row tb_ytkp721 tf_clearfix hide-desktop hide-tablet hide-tablet_landscape hide-mobile\" >\n\t    \t\t<div class=\"row_inner col_align_bottom col-count-2 tf_box tf_w tf_rel\">\n\t\t\t<div  data-lazy=\"1\" class=\"module_column tb-column col4-2 first tb_tofu810 tf_box\">\n\t\t\t    \t        <div class=\"tb-column-inner tf_box tf_w\">\n\t\t    <!-- module image -->\n<div  class=\"module module-image tb_imi2911   image-overlay tf_mw\" data-lazy=\"1\">\n        <div class=\"image-wrap tf_rel tf_mw\">\n\t\t    <img loading=\"lazy\" decoding=\"async\" src=\"https:\/\/themify.me\/demo\/themes\/shoppe-black\/files\/2016\/12\/women-working-600x400.jpg\" width=\"600\" height=\"400\" title=\"Est\u00fadio Cozinha\" alt=\"Est\u00fadio Cozinha\">\t\n\t\n    \t\t\t<\/div>\n\t\t<!-- \/image-wrap -->\n\t<\/div>\n<!-- \/module image -->\t        <\/div>\n\t    \t<\/div>\n\t\t<div  data-lazy=\"1\" class=\"module_column tb-column col4-2 last tb_iiyb007 tf_box\">\n\t\t\t    \t        <div class=\"tb-column-inner tf_box tf_w\">\n\t\t    <!-- module image -->\n<div  class=\"module module-image tb_wv7u200   image-overlay tf_mw\" data-lazy=\"1\">\n        <div class=\"image-wrap tf_rel tf_mw\">\n\t\t    <img loading=\"lazy\" decoding=\"async\" src=\"https:\/\/themify.me\/demo\/themes\/shoppe-black\/files\/2016\/12\/cozy-office-1.jpg\" width=\"600\" height=\"400\" title=\"Est\u00fadio Cozinha\" alt=\"Est\u00fadio Cozinha\">\t\n\t\n    \t\t\t<\/div>\n\t\t<!-- \/image-wrap -->\n\t<\/div>\n<!-- \/module image -->\t        <\/div>\n\t    \t<\/div>\n\t\t    <\/div>\n\t    <!-- \/row_inner -->\n\t<\/div>\n\t<!-- \/module_row -->\n\t\t<!-- module_row -->\n\t<div  data-anchor=\"contato\" data-lazy=\"1\" class=\"module_row themify_builder_row tb_has_section tb_section-contato tb_sfuv469 tf_clearfix hide-desktop hide-tablet_landscape\" >\n\t    \t\t<div class=\"row_inner col_align_middle gutter-none col-count-1 tf_box tf_w tf_rel\">\n\t\t\t<div  data-lazy=\"1\" class=\"module_column tb-column col-full first tb_7zez469 tf_box\">\n\t\t\t    \t        <div class=\"tb-column-inner tf_box tf_w\">\n\t\t    <!-- module text -->\n<div  class=\"module module-text tb_lqhp470   \" data-lazy=\"1\">\n        <div  class=\"tb_text_wrap\">\n    <h3>N\u00e3o encontrou o que procurava?<\/h3>    <\/div>\n<\/div>\n<!-- \/module text --><!-- module text -->\n<div  class=\"module module-text tb_0omg470   \" data-lazy=\"1\">\n        <div  class=\"tb_text_wrap\">\n    <p>renato@zeronoveestudio.com<\/p>    <\/div>\n<\/div>\n<!-- \/module text --><!-- module divider -->\n<div  class=\"module tf_mw module-divider tb_y2zm470 solid   \" style=\"border-width: 1px;border-color: #ffffff;\" data-lazy=\"1\">\n    <\/div>\n<!-- \/module divider -->\n<!-- module buttons -->\n<div  class=\"module module-buttons tb_oa9u470 buttons-horizontal outline \" data-lazy=\"1\">\n    \t<div class=\"module-buttons-item tf_inline_b\">\n\t\t\t\t\t\t\t<a href=\"https:\/\/api.whatsapp.com\/send?phone=5531994322096\" class=\"ui builder_button green\" >\n\t\t\t\t\t\t\t\t\t\t\t\t<em class=\"tf_inline_b tf_vmiddle\"><svg  aria-hidden=\"true\" class=\"tf_fa tf-fab-whatsapp\"><use href=\"#tf-fab-whatsapp\"><\/use><\/svg><\/em>\t\t\t\t\t\t\t\t<span class=\"tf_inline_b tf_vmiddle\">Nos chame no WhatsApp<\/span>\n\t\t\t\t\t\t\t\t\t\t\t<\/a>\n\t\t\t    \t<\/div>\n\t<\/div>\n<!-- \/module buttons -->\n<!-- module divider -->\n<div  class=\"module tf_mw module-divider tb_cvtv470 solid   \" style=\"border-width: 1px;border-color: #ffffff;\" data-lazy=\"1\">\n    <\/div>\n<!-- \/module divider -->\n<!-- module text -->\n<div  class=\"module module-text tb_qjsi470   \" data-lazy=\"1\">\n        <div  class=\"tb_text_wrap\">\n    <p><br>Entre em contato pelo e-mail ou WhatsApp e tire suas d\u00favidas, responderemos o mais r\u00e1pido poss\u00edvel.<\/p>    <\/div>\n<\/div>\n<!-- \/module text -->\t        <\/div>\n\t    \t<\/div>\n\t\t    <\/div>\n\t    <!-- \/row_inner -->\n\t<\/div>\n\t<!-- \/module_row -->\n\t<\/div>\n<!--\/themify_builder_content-->","protected":false},"excerpt":{"rendered":"<p>Est\u00fadio Cozinha Alugar Est\u00fadio Cozinha em Belo Horizonte: O Lugar Ideal para Explorar sua Criatividade Culin\u00e1ria. Se voc\u00ea est\u00e1 em busca de um espa\u00e7o profissional dedicado \u00e0 produ\u00e7\u00e3o de conte\u00fado gastron\u00f4mico, voc\u00ea veio ao lugar certo. O Est\u00fadio Cozinha \u00e9 o ambiente perfeito para voc\u00ea colocar suas habilidades culin\u00e1rias em pr\u00e1tica e criar conte\u00fado de [&hellip;]<\/p>\n","protected":false},"author":1,"featured_media":0,"parent":0,"menu_order":0,"comment_status":"closed","ping_status":"closed","template":"","meta":{"footnotes":""},"class_list":["post-1260","page","type-page","status-publish","hentry","has-post-title","has-post-date","has-post-category","has-post-tag","has-post-comment","has-post-author",""],"_links":{"self":[{"href":"https:\/\/zeronoveestudio.com\/index.php\/wp-json\/wp\/v2\/pages\/1260","targetHints":{"allow":["GET"]}}],"collection":[{"href":"https:\/\/zeronoveestudio.com\/index.php\/wp-json\/wp\/v2\/pages"}],"about":[{"href":"https:\/\/zeronoveestudio.com\/index.php\/wp-json\/wp\/v2\/types\/page"}],"author":[{"embeddable":true,"href":"https:\/\/zeronoveestudio.com\/index.php\/wp-json\/wp\/v2\/users\/1"}],"replies":[{"embeddable":true,"href":"https:\/\/zeronoveestudio.com\/index.php\/wp-json\/wp\/v2\/comments?post=1260"}],"version-history":[{"count":6,"href":"https:\/\/zeronoveestudio.com\/index.php\/wp-json\/wp\/v2\/pages\/1260\/revisions"}],"predecessor-version":[{"id":1811,"href":"https:\/\/zeronoveestudio.com\/index.php\/wp-json\/wp\/v2\/pages\/1260\/revisions\/1811"}],"wp:attachment":[{"href":"https:\/\/zeronoveestudio.com\/index.php\/wp-json\/wp\/v2\/media?parent=1260"}],"curies":[{"name":"wp","href":"https:\/\/api.w.org\/{rel}","templated":true}]}}